{"id":496,"date":"2023-01-24T22:31:21","date_gmt":"2023-01-24T22:31:21","guid":{"rendered":"https:\/\/notarialaplata.com\/web\/declaracion-de-mejoras\/"},"modified":"2023-01-31T01:45:10","modified_gmt":"2023-01-31T01:45:10","slug":"declaracion-de-mejoras","status":"publish","type":"page","link":"https:\/\/notarialaplata.com\/web\/declaracion-de-mejoras\/","title":{"rendered":"Declaraci\u00f3n de mejoras"},"content":{"rendered":"<style>.elementor-496 .elementor-element.elementor-element-acd8e0a{--display:flex;--flex-direction:row;--container-widget-width:initial;--container-widget-height:100%;--container-widget-flex-grow:1;--container-widget-align-self:stretch;--flex-wrap-mobile:wrap;--gap:0px 0px;--row-gap:0px;--column-gap:0px;}.elementor-496 .elementor-element.elementor-element-9870921{--display:flex;--flex-direction:column;--container-widget-width:100%;--container-widget-height:initial;--container-widget-flex-grow:0;--container-widget-align-self:initial;--flex-wrap-mobile:wrap;}.elementor-496 .elementor-element.elementor-element-9870921.e-con{--flex-grow:0;--flex-shrink:0;}.elementor-496 .elementor-element.elementor-element-7c652bd .elementor-heading-title{font-size:30px;font-style:normal;color:#FFFFFF;}.elementor-496 .elementor-element.elementor-element-7c652bd > .elementor-widget-container{padding:10px 10px 10px 10px;background-color:var( --e-global-color-e024615 );border-radius:10px 10px 10px 10px;}.elementor-496 .elementor-element.elementor-element-1c61d39 .elementor-heading-title{font-size:25px;text-transform:none;}.elementor-496 .elementor-element.elementor-element-6cf31c6 .elementor-heading-title{font-size:25px;}.elementor-496 .elementor-element.elementor-element-ea84558 .elementor-tab-title{background-color:#F9F9F9;}.elementor-496 .elementor-element.elementor-element-ea84558 .elementor-toggle-title, .elementor-496 .elementor-element.elementor-element-ea84558 .elementor-toggle-icon{color:var( --e-global-color-e024615 );}.elementor-496 .elementor-element.elementor-element-ea84558 .elementor-toggle-icon svg{fill:var( --e-global-color-e024615 );}.elementor-496 .elementor-element.elementor-element-ea84558 .elementor-toggle-title{text-decoration:none;}.elementor-496 .elementor-element.elementor-element-baad411{--display:flex;--flex-direction:column;--container-widget-width:100%;--container-widget-height:initial;--container-widget-flex-grow:0;--container-widget-align-self:initial;--flex-wrap-mobile:wrap;}.elementor-496 .elementor-element.elementor-element-4a16601 img{border-radius:10px 10px 10px 10px;}.elementor-496 .elementor-element.elementor-element-0b6da89 .elementor-heading-title{font-size:25px;}:root{--page-title-display:none;}@media(min-width:768px){.elementor-496 .elementor-element.elementor-element-9870921{--width:58.9%;}.elementor-496 .elementor-element.elementor-element-baad411{--width:50%;}}<\/style>\t\t<div data-elementor-type=\"wp-page\" data-elementor-id=\"496\" class=\"elementor elementor-496\" data-elementor-post-type=\"page\">\n\t\t\t\t<div class=\"elementor-element elementor-element-acd8e0a e-flex e-con-boxed e-con e-parent\" data-id=\"acd8e0a\" data-element_type=\"container\" data-e-type=\"container\">\n\t\t\t\t\t<div class=\"e-con-inner\">\n\t\t<div class=\"elementor-element elementor-element-9870921 e-con-full e-flex e-con e-parent\" data-id=\"9870921\" data-element_type=\"container\" data-e-type=\"container\">\n\t\t\t\t<div class=\"elementor-element elementor-element-7c652bd elementor-widget elementor-widget-heading\" data-id=\"7c652bd\" data-element_type=\"widget\" data-e-type=\"widget\" data-widget_type=\"heading.default\">\n\t\t\t\t<div class=\"elementor-widget-container\">\n\t\t\t\t\t<h2 class=\"elementor-heading-title elementor-size-default\">Declaraci\u00f3n de mejoras<\/h2>\t\t\t\t<\/div>\n\t\t\t\t<\/div>\n\t\t\t\t<div class=\"elementor-element elementor-element-1c61d39 elementor-widget elementor-widget-heading\" data-id=\"1c61d39\" data-element_type=\"widget\" data-e-type=\"widget\" data-widget_type=\"heading.default\">\n\t\t\t\t<div class=\"elementor-widget-container\">\n\t\t\t\t\t<h2 class=\"elementor-heading-title elementor-size-default\">\u00bfQu\u00e9 es la Declaraci\u00f3n de Mejoras?<\/h2>\t\t\t\t<\/div>\n\t\t\t\t<\/div>\n\t\t\t\t<div class=\"elementor-element elementor-element-38de8b8 elementor-widget elementor-widget-text-editor\" data-id=\"38de8b8\" data-element_type=\"widget\" data-e-type=\"widget\" data-widget_type=\"text-editor.default\">\n\t\t\t\t<div class=\"elementor-widget-container\">\n\t\t\t\t\t\t\t\t\t<div id=\"servques\" class=\"et_pb_module et_pb_text et_pb_text_1 sinser-ques et_pb_text_align_left et_pb_bg_layout_light\">\n<div class=\"et_pb_text_inner\">\n<p style=\"text-align: justify;\">Manifestaci\u00f3n de voluntad a traves de escritura sobre la construcci\u00f3n o edificaci\u00f3n de una mejora que se hizo sobre un inmueble propio.<\/p>\n<\/div>\n<\/div>\t\t\t\t\t\t\t\t<\/div>\n\t\t\t\t<\/div>\n\t\t\t\t<div class=\"elementor-element elementor-element-6cf31c6 elementor-widget elementor-widget-heading\" data-id=\"6cf31c6\" data-element_type=\"widget\" data-e-type=\"widget\" data-widget_type=\"heading.default\">\n\t\t\t\t<div class=\"elementor-widget-container\">\n\t\t\t\t\t<h2 class=\"elementor-heading-title elementor-size-default\">Preguntas frecuentes<\/h2>\t\t\t\t<\/div>\n\t\t\t\t<\/div>\n\t\t\t\t<div class=\"elementor-element elementor-element-ea84558 elementor-widget elementor-widget-toggle\" data-id=\"ea84558\" data-element_type=\"widget\" data-e-type=\"widget\" data-widget_type=\"toggle.default\">\n\t\t\t\t<div class=\"elementor-widget-container\">\n\t\t\t\t\t\t\t<div class=\"elementor-toggle\">\n\t\t\t\t\t\t\t<div class=\"elementor-toggle-item\">\n\t\t\t\t\t<div id=\"elementor-tab-title-2451\" class=\"elementor-tab-title\" data-tab=\"1\" role=\"button\" aria-controls=\"elementor-tab-content-2451\" aria-expanded=\"false\">\n\t\t\t\t\t\t\t\t\t\t\t\t<span class=\"elementor-toggle-icon elementor-toggle-icon-left\" aria-hidden=\"true\">\n\t\t\t\t\t\t\t\t\t\t\t\t\t\t\t<span class=\"elementor-toggle-icon-closed\"><i class=\"fas fa-caret-right\"><\/i><\/span>\n\t\t\t\t\t\t\t\t<span class=\"elementor-toggle-icon-opened\"><i class=\"elementor-toggle-icon-opened fas fa-caret-up\"><\/i><\/span>\n\t\t\t\t\t\t\t\t\t\t\t\t\t<\/span>\n\t\t\t\t\t\t\t\t\t\t\t\t<a class=\"elementor-toggle-title\" tabindex=\"0\">\u00bfCu\u00e1ndo debo presentar la declaraci\u00f3n?<\/a>\n\t\t\t\t\t<\/div>\n\n\t\t\t\t\t<div id=\"elementor-tab-content-2451\" class=\"elementor-tab-content elementor-clearfix\" data-tab=\"1\" role=\"region\" aria-labelledby=\"elementor-tab-title-2451\"><p style=\"text-align: justify;\">Cuando se haya ejecutado una construcci\u00f3n sobre el inmueble del declarante y cuente con todos los requisitos para hacerlo.<\/p><\/div>\n\t\t\t\t<\/div>\n\t\t\t\t\t\t\t<div class=\"elementor-toggle-item\">\n\t\t\t\t\t<div id=\"elementor-tab-title-2452\" class=\"elementor-tab-title\" data-tab=\"2\" role=\"button\" aria-controls=\"elementor-tab-content-2452\" aria-expanded=\"false\">\n\t\t\t\t\t\t\t\t\t\t\t\t<span class=\"elementor-toggle-icon elementor-toggle-icon-left\" aria-hidden=\"true\">\n\t\t\t\t\t\t\t\t\t\t\t\t\t\t\t<span class=\"elementor-toggle-icon-closed\"><i class=\"fas fa-caret-right\"><\/i><\/span>\n\t\t\t\t\t\t\t\t<span class=\"elementor-toggle-icon-opened\"><i class=\"elementor-toggle-icon-opened fas fa-caret-up\"><\/i><\/span>\n\t\t\t\t\t\t\t\t\t\t\t\t\t<\/span>\n\t\t\t\t\t\t\t\t\t\t\t\t<a class=\"elementor-toggle-title\" tabindex=\"0\">\u00bfCon qu\u00e9 fin se debe hacer la declaraci\u00f3n?<\/a>\n\t\t\t\t\t<\/div>\n\n\t\t\t\t\t<div id=\"elementor-tab-content-2452\" class=\"elementor-tab-content elementor-clearfix\" data-tab=\"2\" role=\"region\" aria-labelledby=\"elementor-tab-title-2452\"><p style=\"text-align: justify;\">Al momento de comprar la casa o de adquirir las escrituras del inmueble, los documentos solo expresar\u00e1n las cualidades f\u00edsicas del bien en el momento de hacer el aval\u00fao; para dichos efectos de costo fiscal, los cambios o mejoras deben estar registrados por separado.<\/p><\/div>\n\t\t\t\t<\/div>\n\t\t\t\t\t\t\t\t<\/div>\n\t\t\t\t\t\t<\/div>\n\t\t\t\t<\/div>\n\t\t\t\t<\/div>\n\t\t<div class=\"elementor-element elementor-element-baad411 e-con-full e-flex e-con e-parent\" data-id=\"baad411\" data-element_type=\"container\" data-e-type=\"container\">\n\t\t\t\t<div class=\"elementor-element elementor-element-4a16601 elementor-widget elementor-widget-image\" data-id=\"4a16601\" data-element_type=\"widget\" data-e-type=\"widget\" data-widget_type=\"image.default\">\n\t\t\t\t<div class=\"elementor-widget-container\">\n\t\t\t\t\t\t\t\t\t\t\t\t\t\t\t<img fetchpriority=\"high\" decoding=\"async\" width=\"800\" height=\"534\" src=\"https:\/\/notarialaplata.com\/web\/wp-content\/uploads\/2023\/01\/mejoras.jpg\" class=\"attachment-large size-large wp-image-800\" alt=\"\" srcset=\"https:\/\/notarialaplata.com\/web\/wp-content\/uploads\/2023\/01\/mejoras.jpg 1000w, https:\/\/notarialaplata.com\/web\/wp-content\/uploads\/2023\/01\/mejoras-300x200.jpg 300w, https:\/\/notarialaplata.com\/web\/wp-content\/uploads\/2023\/01\/mejoras-768x512.jpg 768w\" sizes=\"(max-width: 800px) 100vw, 800px\" \/>\t\t\t\t\t\t\t\t\t\t\t\t\t\t\t<\/div>\n\t\t\t\t<\/div>\n\t\t\t\t<div class=\"elementor-element elementor-element-0b6da89 elementor-widget elementor-widget-heading\" data-id=\"0b6da89\" data-element_type=\"widget\" data-e-type=\"widget\" data-widget_type=\"heading.default\">\n\t\t\t\t<div class=\"elementor-widget-container\">\n\t\t\t\t\t<h2 class=\"elementor-heading-title elementor-size-default\">Requisitos<\/h2>\t\t\t\t<\/div>\n\t\t\t\t<\/div>\n\t\t\t\t<div class=\"elementor-element elementor-element-b2857b9 elementor-widget elementor-widget-text-editor\" data-id=\"b2857b9\" data-element_type=\"widget\" data-e-type=\"widget\" data-widget_type=\"text-editor.default\">\n\t\t\t\t<div class=\"elementor-widget-container\">\n\t\t\t\t\t\t\t\t\t<ul><li><p style=\"text-align: justify;\">Debe hacerla el propietario del inmueble.<\/p><\/li><li style=\"text-align: justify;\"><p>Presentar c\u00e9dula de ciudadan\u00eda.<\/p><\/li><li style=\"text-align: justify;\"><p>Licencia de construcci\u00f3n con la nota de que se encuentra ejecutoriada.<\/p><\/li><li style=\"text-align: justify;\"><p>Descripci\u00f3n de los cambios a realizar.<\/p><\/li><li style=\"text-align: justify;\"><p>Planos.<\/p><\/li><li style=\"text-align: justify;\"><p>Certificado de tradici\u00f3n y libertad.<\/p><\/li><li style=\"text-align: justify;\">\u00a0<\/li><\/ul>\t\t\t\t\t\t\t\t<\/div>\n\t\t\t\t<\/div>\n\t\t\t\t<\/div>\n\t\t\t\t\t<\/div>\n\t\t\t\t<\/div>\n\t\t\t\t<\/div>\n\t\t","protected":false},"excerpt":{"rendered":"<p>\u00bfQu\u00e9 es la Declaraci\u00f3n de Mejoras? Manifestaci\u00f3n de voluntad a traves de escritura sobre la construcci\u00f3n o edificaci\u00f3n de una mejora que se hizo sobre un inmueble propio. Preguntas frecuentes \u00bfCu\u00e1ndo debo presentar la declaraci\u00f3n? Cuando se haya ejecutado una construcci\u00f3n sobre el inmueble del declarante y cuente con todos los requisitos para hacerlo. \u00bfCon [&hellip;]<\/p>\n","protected":false},"author":1,"featured_media":0,"parent":0,"menu_order":10,"comment_status":"closed","ping_status":"closed","template":"","meta":{"inline_featured_image":false,"_joinchat":[],"footnotes":""},"class_list":["post-496","page","type-page","status-publish","hentry"],"publishpress_future_action":{"enabled":false,"date":"2026-04-21 05:16:58","action":"change-status","newStatus":"draft","terms":[],"taxonomy":"","extraData":[]},"publishpress_future_workflow_manual_trigger":{"enabledWorkflows":[]},"_links":{"self":[{"href":"https:\/\/notarialaplata.com\/web\/wp-json\/wp\/v2\/pages\/496","targetHints":{"allow":["GET"]}}],"collection":[{"href":"https:\/\/notarialaplata.com\/web\/wp-json\/wp\/v2\/pages"}],"about":[{"href":"https:\/\/notarialaplata.com\/web\/wp-json\/wp\/v2\/types\/page"}],"author":[{"embeddable":true,"href":"https:\/\/notarialaplata.com\/web\/wp-json\/wp\/v2\/users\/1"}],"replies":[{"embeddable":true,"href":"https:\/\/notarialaplata.com\/web\/wp-json\/wp\/v2\/comments?post=496"}],"version-history":[{"count":30,"href":"https:\/\/notarialaplata.com\/web\/wp-json\/wp\/v2\/pages\/496\/revisions"}],"predecessor-version":[{"id":1331,"href":"https:\/\/notarialaplata.com\/web\/wp-json\/wp\/v2\/pages\/496\/revisions\/1331"}],"wp:attachment":[{"href":"https:\/\/notarialaplata.com\/web\/wp-json\/wp\/v2\/media?parent=496"}],"curies":[{"name":"wp","href":"https:\/\/api.w.org\/{rel}","templated":true}]}}