{"id":488,"date":"2023-01-24T22:29:39","date_gmt":"2023-01-24T22:29:39","guid":{"rendered":"https:\/\/notarialaplata.com\/web\/cancelacion-de-hipoteca\/"},"modified":"2023-01-31T01:36:09","modified_gmt":"2023-01-31T01:36:09","slug":"cancelacion-de-hipoteca","status":"publish","type":"page","link":"https:\/\/notarialaplata.com\/web\/cancelacion-de-hipoteca\/","title":{"rendered":"Cancelaci\u00f3n de hipoteca"},"content":{"rendered":"<style>.elementor-488 .elementor-element.elementor-element-18420ff6{--display:flex;--flex-direction:row;--container-widget-width:initial;--container-widget-height:100%;--container-widget-flex-grow:1;--container-widget-align-self:stretch;--flex-wrap-mobile:wrap;--gap:0px 0px;--row-gap:0px;--column-gap:0px;}.elementor-488 .elementor-element.elementor-element-c2c76a7{--display:flex;--flex-direction:column;--container-widget-width:100%;--container-widget-height:initial;--container-widget-flex-grow:0;--container-widget-align-self:initial;--flex-wrap-mobile:wrap;}.elementor-488 .elementor-element.elementor-element-c2c76a7.e-con{--flex-grow:0;--flex-shrink:0;}.elementor-488 .elementor-element.elementor-element-51c072f0 .elementor-heading-title{font-size:30px;text-transform:none;color:#FFFFFF;}.elementor-488 .elementor-element.elementor-element-51c072f0 > .elementor-widget-container{padding:10px 10px 10px 10px;background-color:var( --e-global-color-e024615 );border-radius:10px 10px 10px 10px;}.elementor-488 .elementor-element.elementor-element-2e29d698 .elementor-heading-title{font-size:25px;text-transform:none;}.elementor-488 .elementor-element.elementor-element-29735246 .elementor-heading-title{font-size:25px;}.elementor-488 .elementor-element.elementor-element-6b938a89 .elementor-tab-title{background-color:#F9F9F9;}.elementor-488 .elementor-element.elementor-element-6b938a89 .elementor-toggle-title, .elementor-488 .elementor-element.elementor-element-6b938a89 .elementor-toggle-icon{color:var( --e-global-color-e024615 );}.elementor-488 .elementor-element.elementor-element-6b938a89 .elementor-toggle-icon svg{fill:var( --e-global-color-e024615 );}.elementor-488 .elementor-element.elementor-element-6b938a89 .elementor-toggle-title{text-decoration:none;}.elementor-488 .elementor-element.elementor-element-61a295bf{--display:flex;--flex-direction:column;--container-widget-width:100%;--container-widget-height:initial;--container-widget-flex-grow:0;--container-widget-align-self:initial;--flex-wrap-mobile:wrap;}.elementor-488 .elementor-element.elementor-element-705ac3e1 img{border-radius:10px 10px 10px 10px;}.elementor-488 .elementor-element.elementor-element-7c433013 .elementor-heading-title{font-size:25px;}:root{--page-title-display:none;}@media(min-width:768px){.elementor-488 .elementor-element.elementor-element-c2c76a7{--width:58.9%;}.elementor-488 .elementor-element.elementor-element-61a295bf{--width:50%;}}<\/style>\t\t<div data-elementor-type=\"wp-page\" data-elementor-id=\"488\" class=\"elementor elementor-488\" data-elementor-post-type=\"page\">\n\t\t\t\t<div class=\"elementor-element elementor-element-18420ff6 e-flex e-con-boxed e-con e-parent\" data-id=\"18420ff6\" data-element_type=\"container\" data-e-type=\"container\">\n\t\t\t\t\t<div class=\"e-con-inner\">\n\t\t<div class=\"elementor-element elementor-element-c2c76a7 e-con-full e-flex e-con e-parent\" data-id=\"c2c76a7\" data-element_type=\"container\" data-e-type=\"container\">\n\t\t\t\t<div class=\"elementor-element elementor-element-51c072f0 elementor-widget elementor-widget-heading\" data-id=\"51c072f0\" data-element_type=\"widget\" data-e-type=\"widget\" data-widget_type=\"heading.default\">\n\t\t\t\t<div class=\"elementor-widget-container\">\n\t\t\t\t\t<h2 class=\"elementor-heading-title elementor-size-default\">Cancelaci\u00f3n de hipoteca<\/h2>\t\t\t\t<\/div>\n\t\t\t\t<\/div>\n\t\t\t\t<div class=\"elementor-element elementor-element-2e29d698 elementor-widget elementor-widget-heading\" data-id=\"2e29d698\" data-element_type=\"widget\" data-e-type=\"widget\" data-widget_type=\"heading.default\">\n\t\t\t\t<div class=\"elementor-widget-container\">\n\t\t\t\t\t<h2 class=\"elementor-heading-title elementor-size-default\">\u00bfQu\u00e9 es la cancelaci\u00f3n de hipoteca?<\/h2>\t\t\t\t<\/div>\n\t\t\t\t<\/div>\n\t\t\t\t<div class=\"elementor-element elementor-element-1129ad73 elementor-widget elementor-widget-text-editor\" data-id=\"1129ad73\" data-element_type=\"widget\" data-e-type=\"widget\" data-widget_type=\"text-editor.default\">\n\t\t\t\t<div class=\"elementor-widget-container\">\n\t\t\t\t\t\t\t\t\t<p style=\"text-align: justify;\">Una vez pagada en su totalidad la obligaci\u00f3n, el acreedor a trav\u00e9s de escritura p\u00fablica as\u00ed lo declara y cancela la hipoteca.<\/p>\t\t\t\t\t\t\t\t<\/div>\n\t\t\t\t<\/div>\n\t\t\t\t<div class=\"elementor-element elementor-element-29735246 elementor-widget elementor-widget-heading\" data-id=\"29735246\" data-element_type=\"widget\" data-e-type=\"widget\" data-widget_type=\"heading.default\">\n\t\t\t\t<div class=\"elementor-widget-container\">\n\t\t\t\t\t<h2 class=\"elementor-heading-title elementor-size-default\">Preguntas frecuentes<\/h2>\t\t\t\t<\/div>\n\t\t\t\t<\/div>\n\t\t\t\t<div class=\"elementor-element elementor-element-6b938a89 elementor-widget elementor-widget-toggle\" data-id=\"6b938a89\" data-element_type=\"widget\" data-e-type=\"widget\" data-widget_type=\"toggle.default\">\n\t\t\t\t<div class=\"elementor-widget-container\">\n\t\t\t\t\t\t\t<div class=\"elementor-toggle\">\n\t\t\t\t\t\t\t<div class=\"elementor-toggle-item\">\n\t\t\t\t\t<div id=\"elementor-tab-title-1801\" class=\"elementor-tab-title\" data-tab=\"1\" role=\"button\" aria-controls=\"elementor-tab-content-1801\" aria-expanded=\"false\">\n\t\t\t\t\t\t\t\t\t\t\t\t<span class=\"elementor-toggle-icon elementor-toggle-icon-left\" aria-hidden=\"true\">\n\t\t\t\t\t\t\t\t\t\t\t\t\t\t\t<span class=\"elementor-toggle-icon-closed\"><i class=\"fas fa-caret-right\"><\/i><\/span>\n\t\t\t\t\t\t\t\t<span class=\"elementor-toggle-icon-opened\"><i class=\"elementor-toggle-icon-opened fas fa-caret-up\"><\/i><\/span>\n\t\t\t\t\t\t\t\t\t\t\t\t\t<\/span>\n\t\t\t\t\t\t\t\t\t\t\t\t<a class=\"elementor-toggle-title\" tabindex=\"0\">\u00bfQu\u00e9 es una hipoteca cerrada?<\/a>\n\t\t\t\t\t<\/div>\n\n\t\t\t\t\t<div id=\"elementor-tab-content-1801\" class=\"elementor-tab-content elementor-clearfix\" data-tab=\"1\" role=\"region\" aria-labelledby=\"elementor-tab-title-1801\"><p style=\"text-align: justify;\">Una hipoteca cerrada es la modalidad hipotecaria en la que el pago de la deuda se determina de forma espec\u00edfica y sus condiciones no pueden cambiar.<\/p><\/div>\n\t\t\t\t<\/div>\n\t\t\t\t\t\t\t<div class=\"elementor-toggle-item\">\n\t\t\t\t\t<div id=\"elementor-tab-title-1802\" class=\"elementor-tab-title\" data-tab=\"2\" role=\"button\" aria-controls=\"elementor-tab-content-1802\" aria-expanded=\"false\">\n\t\t\t\t\t\t\t\t\t\t\t\t<span class=\"elementor-toggle-icon elementor-toggle-icon-left\" aria-hidden=\"true\">\n\t\t\t\t\t\t\t\t\t\t\t\t\t\t\t<span class=\"elementor-toggle-icon-closed\"><i class=\"fas fa-caret-right\"><\/i><\/span>\n\t\t\t\t\t\t\t\t<span class=\"elementor-toggle-icon-opened\"><i class=\"elementor-toggle-icon-opened fas fa-caret-up\"><\/i><\/span>\n\t\t\t\t\t\t\t\t\t\t\t\t\t<\/span>\n\t\t\t\t\t\t\t\t\t\t\t\t<a class=\"elementor-toggle-title\" tabindex=\"0\">\u00bfQu\u00e9 es una hipoteca abierta?<\/a>\n\t\t\t\t\t<\/div>\n\n\t\t\t\t\t<div id=\"elementor-tab-content-1802\" class=\"elementor-tab-content elementor-clearfix\" data-tab=\"2\" role=\"region\" aria-labelledby=\"elementor-tab-title-1802\"><p style=\"text-align: justify;\">Las hipotecas abiertas son las que buscan unas condiciones que les permitan, tanto al acreedor como al deudor la opci\u00f3n de cubrir varias deudas y de que el valor sea cambiante seg\u00fan se disponga por los involucrados.<\/p><\/div>\n\t\t\t\t<\/div>\n\t\t\t\t\t\t\t\t<\/div>\n\t\t\t\t\t\t<\/div>\n\t\t\t\t<\/div>\n\t\t\t\t<\/div>\n\t\t<div class=\"elementor-element elementor-element-61a295bf e-con-full e-flex e-con e-parent\" data-id=\"61a295bf\" data-element_type=\"container\" data-e-type=\"container\">\n\t\t\t\t<div class=\"elementor-element elementor-element-705ac3e1 elementor-widget elementor-widget-image\" data-id=\"705ac3e1\" data-element_type=\"widget\" data-e-type=\"widget\" data-widget_type=\"image.default\">\n\t\t\t\t<div class=\"elementor-widget-container\">\n\t\t\t\t\t\t\t\t\t\t\t\t\t\t\t<img fetchpriority=\"high\" decoding=\"async\" width=\"800\" height=\"534\" src=\"https:\/\/notarialaplata.com\/web\/wp-content\/uploads\/2023\/01\/hipoteca.jpg\" class=\"attachment-large size-large wp-image-774\" alt=\"\" srcset=\"https:\/\/notarialaplata.com\/web\/wp-content\/uploads\/2023\/01\/hipoteca.jpg 1000w, https:\/\/notarialaplata.com\/web\/wp-content\/uploads\/2023\/01\/hipoteca-300x200.jpg 300w, https:\/\/notarialaplata.com\/web\/wp-content\/uploads\/2023\/01\/hipoteca-768x512.jpg 768w\" sizes=\"(max-width: 800px) 100vw, 800px\" \/>\t\t\t\t\t\t\t\t\t\t\t\t\t\t\t<\/div>\n\t\t\t\t<\/div>\n\t\t\t\t<div class=\"elementor-element elementor-element-7c433013 elementor-widget elementor-widget-heading\" data-id=\"7c433013\" data-element_type=\"widget\" data-e-type=\"widget\" data-widget_type=\"heading.default\">\n\t\t\t\t<div class=\"elementor-widget-container\">\n\t\t\t\t\t<h2 class=\"elementor-heading-title elementor-size-default\">Requisitos<\/h2>\t\t\t\t<\/div>\n\t\t\t\t<\/div>\n\t\t\t\t<div class=\"elementor-element elementor-element-2e11285e elementor-widget elementor-widget-text-editor\" data-id=\"2e11285e\" data-element_type=\"widget\" data-e-type=\"widget\" data-widget_type=\"text-editor.default\">\n\t\t\t\t<div class=\"elementor-widget-container\">\n\t\t\t\t\t\t\t\t\t<ul><li><p style=\"text-align: justify;\">Presentar la primera copia que presta merito ejecutivo. (En caso de no tenerla, en la misma escritura se har\u00e1 la respectiva declaraci\u00f3n).<\/p><\/li><li style=\"text-align: justify;\"><p>Copia de la escritura p\u00fablica que constituy\u00f3 la hipoteca.<\/p><\/li><li style=\"text-align: justify;\"><p>En caso de que el acreedor sea un banco, carta del banco autorizando la cancelaci\u00f3n.<\/p><\/li><li style=\"text-align: justify;\">Certificado existencia y representaci\u00f3n; carta con el monto del cr\u00e9dito y que ya se pago.<\/li><\/ul>\t\t\t\t\t\t\t\t<\/div>\n\t\t\t\t<\/div>\n\t\t\t\t<\/div>\n\t\t\t\t\t<\/div>\n\t\t\t\t<\/div>\n\t\t\t\t<\/div>\n\t\t","protected":false},"excerpt":{"rendered":"<p>\u00bfQu\u00e9 es la cancelaci\u00f3n de hipoteca? Una vez pagada en su totalidad la obligaci\u00f3n, el acreedor a trav\u00e9s de escritura p\u00fablica as\u00ed lo declara y cancela la hipoteca. Preguntas frecuentes \u00bfQu\u00e9 es una hipoteca cerrada? Una hipoteca cerrada es la modalidad hipotecaria en la que el pago de la deuda se determina de forma espec\u00edfica [&hellip;]<\/p>\n","protected":false},"author":1,"featured_media":0,"parent":0,"menu_order":50,"comment_status":"closed","ping_status":"closed","template":"","meta":{"inline_featured_image":false,"_joinchat":[],"footnotes":""},"class_list":["post-488","page","type-page","status-publish","hentry"],"publishpress_future_action":{"enabled":false,"date":"2026-04-19 22:34:09","action":"change-status","newStatus":"draft","terms":[],"taxonomy":"","extraData":[]},"publishpress_future_workflow_manual_trigger":{"enabledWorkflows":[]},"_links":{"self":[{"href":"https:\/\/notarialaplata.com\/web\/wp-json\/wp\/v2\/pages\/488","targetHints":{"allow":["GET"]}}],"collection":[{"href":"https:\/\/notarialaplata.com\/web\/wp-json\/wp\/v2\/pages"}],"about":[{"href":"https:\/\/notarialaplata.com\/web\/wp-json\/wp\/v2\/types\/page"}],"author":[{"embeddable":true,"href":"https:\/\/notarialaplata.com\/web\/wp-json\/wp\/v2\/users\/1"}],"replies":[{"embeddable":true,"href":"https:\/\/notarialaplata.com\/web\/wp-json\/wp\/v2\/comments?post=488"}],"version-history":[{"count":21,"href":"https:\/\/notarialaplata.com\/web\/wp-json\/wp\/v2\/pages\/488\/revisions"}],"predecessor-version":[{"id":1322,"href":"https:\/\/notarialaplata.com\/web\/wp-json\/wp\/v2\/pages\/488\/revisions\/1322"}],"wp:attachment":[{"href":"https:\/\/notarialaplata.com\/web\/wp-json\/wp\/v2\/media?parent=488"}],"curies":[{"name":"wp","href":"https:\/\/api.w.org\/{rel}","templated":true}]}}