{"id":482,"date":"2023-01-24T22:29:39","date_gmt":"2023-01-24T22:29:39","guid":{"rendered":"https:\/\/notarialaplata.com\/web\/autenticaciones\/"},"modified":"2023-01-28T21:58:32","modified_gmt":"2023-01-28T21:58:32","slug":"autenticaciones","status":"publish","type":"page","link":"https:\/\/notarialaplata.com\/web\/autenticaciones\/","title":{"rendered":"Autenticaciones"},"content":{"rendered":"<style>.elementor-482 .elementor-element.elementor-element-3c0d83cc{--display:flex;--flex-direction:row;--container-widget-width:initial;--container-widget-height:100%;--container-widget-flex-grow:1;--container-widget-align-self:stretch;--flex-wrap-mobile:wrap;--gap:0px 0px;--row-gap:0px;--column-gap:0px;}.elementor-482 .elementor-element.elementor-element-ed26d7d{--display:flex;--flex-direction:column;--container-widget-width:100%;--container-widget-height:initial;--container-widget-flex-grow:0;--container-widget-align-self:initial;--flex-wrap-mobile:wrap;}.elementor-482 .elementor-element.elementor-element-ed26d7d.e-con{--flex-grow:0;--flex-shrink:0;}.elementor-482 .elementor-element.elementor-element-62c80bd3 .elementor-heading-title{font-size:30px;color:#FFFFFF;}.elementor-482 .elementor-element.elementor-element-62c80bd3 > .elementor-widget-container{padding:10px 10px 10px 10px;background-color:var( --e-global-color-e024615 );border-radius:10px 10px 10px 10px;}.elementor-482 .elementor-element.elementor-element-5a58281d .elementor-heading-title{font-size:25px;text-transform:none;}.elementor-482 .elementor-element.elementor-element-6e5f0322 .elementor-heading-title{font-size:25px;}.elementor-482 .elementor-element.elementor-element-1ff17f36 .elementor-tab-title{background-color:#F9F9F9;}.elementor-482 .elementor-element.elementor-element-1ff17f36 .elementor-toggle-title, .elementor-482 .elementor-element.elementor-element-1ff17f36 .elementor-toggle-icon{color:var( --e-global-color-e024615 );}.elementor-482 .elementor-element.elementor-element-1ff17f36 .elementor-toggle-icon svg{fill:var( --e-global-color-e024615 );}.elementor-482 .elementor-element.elementor-element-1ff17f36 .elementor-toggle-title{text-decoration:none;}.elementor-482 .elementor-element.elementor-element-22adc4c8{--display:flex;--flex-direction:column;--container-widget-width:100%;--container-widget-height:initial;--container-widget-flex-grow:0;--container-widget-align-self:initial;--flex-wrap-mobile:wrap;}.elementor-482 .elementor-element.elementor-element-a53f948 img{border-radius:10px 10px 10px 10px;}.elementor-482 .elementor-element.elementor-element-409f07ba .elementor-heading-title{font-size:25px;}:root{--page-title-display:none;}@media(min-width:768px){.elementor-482 .elementor-element.elementor-element-ed26d7d{--width:58.9%;}.elementor-482 .elementor-element.elementor-element-22adc4c8{--width:50%;}}<\/style>\t\t<div data-elementor-type=\"wp-page\" data-elementor-id=\"482\" class=\"elementor elementor-482\" data-elementor-post-type=\"page\">\n\t\t\t\t<div class=\"elementor-element elementor-element-3c0d83cc e-flex e-con-boxed e-con e-parent\" data-id=\"3c0d83cc\" data-element_type=\"container\" data-e-type=\"container\">\n\t\t\t\t\t<div class=\"e-con-inner\">\n\t\t<div class=\"elementor-element elementor-element-ed26d7d e-con-full e-flex e-con e-parent\" data-id=\"ed26d7d\" data-element_type=\"container\" data-e-type=\"container\">\n\t\t\t\t<div class=\"elementor-element elementor-element-62c80bd3 elementor-widget elementor-widget-heading\" data-id=\"62c80bd3\" data-element_type=\"widget\" data-e-type=\"widget\" data-widget_type=\"heading.default\">\n\t\t\t\t<div class=\"elementor-widget-container\">\n\t\t\t\t\t<h2 class=\"elementor-heading-title elementor-size-default\">Autenticaciones<\/h2>\t\t\t\t<\/div>\n\t\t\t\t<\/div>\n\t\t\t\t<div class=\"elementor-element elementor-element-5a58281d elementor-widget elementor-widget-heading\" data-id=\"5a58281d\" data-element_type=\"widget\" data-e-type=\"widget\" data-widget_type=\"heading.default\">\n\t\t\t\t<div class=\"elementor-widget-container\">\n\t\t\t\t\t<h2 class=\"elementor-heading-title elementor-size-default\">\u00bfQu\u00e9 es la autenticaci\u00f3n de documentos?<\/h2>\t\t\t\t<\/div>\n\t\t\t\t<\/div>\n\t\t\t\t<div class=\"elementor-element elementor-element-120049e2 elementor-widget elementor-widget-text-editor\" data-id=\"120049e2\" data-element_type=\"widget\" data-e-type=\"widget\" data-widget_type=\"text-editor.default\">\n\t\t\t\t<div class=\"elementor-widget-container\">\n\t\t\t\t\t\t\t\t\t<p style=\"text-align: justify;\">Es el testimonio escrito que expresa el notario de que las firmas que aparecen en un documento privado corresponden a la persona que se est\u00e1 presentando, estableciendo la identidad de los firmantes, y dando fe del d\u00eda en el que el hecho ocurri\u00f3.<\/p>\t\t\t\t\t\t\t\t<\/div>\n\t\t\t\t<\/div>\n\t\t\t\t<div class=\"elementor-element elementor-element-6e5f0322 elementor-widget elementor-widget-heading\" data-id=\"6e5f0322\" data-element_type=\"widget\" data-e-type=\"widget\" data-widget_type=\"heading.default\">\n\t\t\t\t<div class=\"elementor-widget-container\">\n\t\t\t\t\t<h2 class=\"elementor-heading-title elementor-size-default\">Preguntas frecuentes<\/h2>\t\t\t\t<\/div>\n\t\t\t\t<\/div>\n\t\t\t\t<div class=\"elementor-element elementor-element-1ff17f36 elementor-widget elementor-widget-toggle\" data-id=\"1ff17f36\" data-element_type=\"widget\" data-e-type=\"widget\" data-widget_type=\"toggle.default\">\n\t\t\t\t<div class=\"elementor-widget-container\">\n\t\t\t\t\t\t\t<div class=\"elementor-toggle\">\n\t\t\t\t\t\t\t<div class=\"elementor-toggle-item\">\n\t\t\t\t\t<div id=\"elementor-tab-title-5351\" class=\"elementor-tab-title\" data-tab=\"1\" role=\"button\" aria-controls=\"elementor-tab-content-5351\" aria-expanded=\"false\">\n\t\t\t\t\t\t\t\t\t\t\t\t<span class=\"elementor-toggle-icon elementor-toggle-icon-left\" aria-hidden=\"true\">\n\t\t\t\t\t\t\t\t\t\t\t\t\t\t\t<span class=\"elementor-toggle-icon-closed\"><i class=\"fas fa-caret-right\"><\/i><\/span>\n\t\t\t\t\t\t\t\t<span class=\"elementor-toggle-icon-opened\"><i class=\"elementor-toggle-icon-opened fas fa-caret-up\"><\/i><\/span>\n\t\t\t\t\t\t\t\t\t\t\t\t\t<\/span>\n\t\t\t\t\t\t\t\t\t\t\t\t<a class=\"elementor-toggle-title\" tabindex=\"0\">\u00bfQu\u00e9 debo hacer para autenticar mi firma en un documento?<\/a>\n\t\t\t\t\t<\/div>\n\n\t\t\t\t\t<div id=\"elementor-tab-content-5351\" class=\"elementor-tab-content elementor-clearfix\" data-tab=\"1\" role=\"region\" aria-labelledby=\"elementor-tab-title-5351\"><p style=\"text-align: justify;\">Lo \u00fanico que debes hacer es acercarte a la Notar\u00eda \u00danica la Plata Huila, traer el documento que quieres autenticar y tu c\u00e9dula de ciudadan\u00eda o Coordinar domicilio. domicilio por imposibilidad f\u00edsica de traslado del interesado en la diligencia.<\/p><\/div>\n\t\t\t\t<\/div>\n\t\t\t\t\t\t\t<div class=\"elementor-toggle-item\">\n\t\t\t\t\t<div id=\"elementor-tab-title-5352\" class=\"elementor-tab-title\" data-tab=\"2\" role=\"button\" aria-controls=\"elementor-tab-content-5352\" aria-expanded=\"false\">\n\t\t\t\t\t\t\t\t\t\t\t\t<span class=\"elementor-toggle-icon elementor-toggle-icon-left\" aria-hidden=\"true\">\n\t\t\t\t\t\t\t\t\t\t\t\t\t\t\t<span class=\"elementor-toggle-icon-closed\"><i class=\"fas fa-caret-right\"><\/i><\/span>\n\t\t\t\t\t\t\t\t<span class=\"elementor-toggle-icon-opened\"><i class=\"elementor-toggle-icon-opened fas fa-caret-up\"><\/i><\/span>\n\t\t\t\t\t\t\t\t\t\t\t\t\t<\/span>\n\t\t\t\t\t\t\t\t\t\t\t\t<a class=\"elementor-toggle-title\" tabindex=\"0\">\u00bfY si mi documento tiene varias hojas?<\/a>\n\t\t\t\t\t<\/div>\n\n\t\t\t\t\t<div id=\"elementor-tab-content-5352\" class=\"elementor-tab-content elementor-clearfix\" data-tab=\"2\" role=\"region\" aria-labelledby=\"elementor-tab-title-5352\"><p style=\"text-align: justify;\">No te preocupes, si tu documento tiene varias hojas, en cada una de ellas ir\u00e1 el sello y la r\u00fabrica del notario, recuerda que toda autenticaci\u00f3n llevar\u00e1 la fecha y la firma del notario.<\/p><\/div>\n\t\t\t\t<\/div>\n\t\t\t\t\t\t\t<div class=\"elementor-toggle-item\">\n\t\t\t\t\t<div id=\"elementor-tab-title-5353\" class=\"elementor-tab-title\" data-tab=\"3\" role=\"button\" aria-controls=\"elementor-tab-content-5353\" aria-expanded=\"false\">\n\t\t\t\t\t\t\t\t\t\t\t\t<span class=\"elementor-toggle-icon elementor-toggle-icon-left\" aria-hidden=\"true\">\n\t\t\t\t\t\t\t\t\t\t\t\t\t\t\t<span class=\"elementor-toggle-icon-closed\"><i class=\"fas fa-caret-right\"><\/i><\/span>\n\t\t\t\t\t\t\t\t<span class=\"elementor-toggle-icon-opened\"><i class=\"elementor-toggle-icon-opened fas fa-caret-up\"><\/i><\/span>\n\t\t\t\t\t\t\t\t\t\t\t\t\t<\/span>\n\t\t\t\t\t\t\t\t\t\t\t\t<a class=\"elementor-toggle-title\" tabindex=\"0\">\u00bfQu\u00e9 documentos se pueden autenticar?<\/a>\n\t\t\t\t\t<\/div>\n\n\t\t\t\t\t<div id=\"elementor-tab-content-5353\" class=\"elementor-tab-content elementor-clearfix\" data-tab=\"3\" role=\"region\" aria-labelledby=\"elementor-tab-title-5353\"><p style=\"text-align: justify;\">La autenticaci\u00f3n de documentos se lleva a cabo en dos casos:<\/p><ul><li style=\"text-align: justify;\">Documentos internos como son los que se encuentran en la misma Notar\u00eda en el protocolo.<\/li><li style=\"text-align: justify;\">Documentos externos que presentas frente al notario para ser confrontados con el original u otra copia autenticada.<\/li><\/ul><\/div>\n\t\t\t\t<\/div>\n\t\t\t\t\t\t\t\t<\/div>\n\t\t\t\t\t\t<\/div>\n\t\t\t\t<\/div>\n\t\t\t\t<\/div>\n\t\t<div class=\"elementor-element elementor-element-22adc4c8 e-con-full e-flex e-con e-parent\" data-id=\"22adc4c8\" data-element_type=\"container\" data-e-type=\"container\">\n\t\t\t\t<div class=\"elementor-element elementor-element-a53f948 elementor-widget elementor-widget-image\" data-id=\"a53f948\" data-element_type=\"widget\" data-e-type=\"widget\" data-widget_type=\"image.default\">\n\t\t\t\t<div class=\"elementor-widget-container\">\n\t\t\t\t\t\t\t\t\t\t\t\t\t\t\t<img fetchpriority=\"high\" decoding=\"async\" width=\"800\" height=\"450\" src=\"https:\/\/notarialaplata.com\/web\/wp-content\/uploads\/2023\/01\/autenticacion.jpg\" class=\"attachment-large size-large wp-image-655\" alt=\"\" srcset=\"https:\/\/notarialaplata.com\/web\/wp-content\/uploads\/2023\/01\/autenticacion.jpg 1000w, https:\/\/notarialaplata.com\/web\/wp-content\/uploads\/2023\/01\/autenticacion-300x169.jpg 300w, https:\/\/notarialaplata.com\/web\/wp-content\/uploads\/2023\/01\/autenticacion-768x432.jpg 768w\" sizes=\"(max-width: 800px) 100vw, 800px\" \/>\t\t\t\t\t\t\t\t\t\t\t\t\t\t\t<\/div>\n\t\t\t\t<\/div>\n\t\t\t\t<div class=\"elementor-element elementor-element-409f07ba elementor-widget elementor-widget-heading\" data-id=\"409f07ba\" data-element_type=\"widget\" data-e-type=\"widget\" data-widget_type=\"heading.default\">\n\t\t\t\t<div class=\"elementor-widget-container\">\n\t\t\t\t\t<h2 class=\"elementor-heading-title elementor-size-default\">Requisitos<\/h2>\t\t\t\t<\/div>\n\t\t\t\t<\/div>\n\t\t\t\t<div class=\"elementor-element elementor-element-1f854914 elementor-widget elementor-widget-text-editor\" data-id=\"1f854914\" data-element_type=\"widget\" data-e-type=\"widget\" data-widget_type=\"text-editor.default\">\n\t\t\t\t<div class=\"elementor-widget-container\">\n\t\t\t\t\t\t\t\t\t<ul><li><p style=\"text-align: justify;\">C\u00e9dula de ciudadan\u00eda.<\/p><\/li><li style=\"text-align: justify;\"><p>Documento firmado.<\/p><\/li><li><p style=\"text-align: justify;\">Asistir a la notar\u00eda o coordinar domicilio.<\/p><\/li><\/ul>\t\t\t\t\t\t\t\t<\/div>\n\t\t\t\t<\/div>\n\t\t\t\t<\/div>\n\t\t\t\t\t<\/div>\n\t\t\t\t<\/div>\n\t\t\t\t<\/div>\n\t\t","protected":false},"excerpt":{"rendered":"<p>\u00bfQu\u00e9 es la autenticaci\u00f3n de documentos? Es el testimonio escrito que expresa el notario de que las firmas que aparecen en un documento privado corresponden a la persona que se est\u00e1 presentando, estableciendo la identidad de los firmantes, y dando fe del d\u00eda en el que el hecho ocurri\u00f3. Preguntas frecuentes \u00bfQu\u00e9 debo hacer para [&hellip;]<\/p>\n","protected":false},"author":1,"featured_media":0,"parent":0,"menu_order":20,"comment_status":"closed","ping_status":"closed","template":"","meta":{"inline_featured_image":false,"_joinchat":[],"footnotes":""},"class_list":["post-482","page","type-page","status-publish","hentry"],"publishpress_future_action":{"enabled":false,"date":"2026-04-19 22:34:13","action":"change-status","newStatus":"draft","terms":[],"taxonomy":"","extraData":[]},"publishpress_future_workflow_manual_trigger":{"enabledWorkflows":[]},"_links":{"self":[{"href":"https:\/\/notarialaplata.com\/web\/wp-json\/wp\/v2\/pages\/482","targetHints":{"allow":["GET"]}}],"collection":[{"href":"https:\/\/notarialaplata.com\/web\/wp-json\/wp\/v2\/pages"}],"about":[{"href":"https:\/\/notarialaplata.com\/web\/wp-json\/wp\/v2\/types\/page"}],"author":[{"embeddable":true,"href":"https:\/\/notarialaplata.com\/web\/wp-json\/wp\/v2\/users\/1"}],"replies":[{"embeddable":true,"href":"https:\/\/notarialaplata.com\/web\/wp-json\/wp\/v2\/comments?post=482"}],"version-history":[{"count":22,"href":"https:\/\/notarialaplata.com\/web\/wp-json\/wp\/v2\/pages\/482\/revisions"}],"predecessor-version":[{"id":1193,"href":"https:\/\/notarialaplata.com\/web\/wp-json\/wp\/v2\/pages\/482\/revisions\/1193"}],"wp:attachment":[{"href":"https:\/\/notarialaplata.com\/web\/wp-json\/wp\/v2\/media?parent=482"}],"curies":[{"name":"wp","href":"https:\/\/api.w.org\/{rel}","templated":true}]}}